+ -552?
-564
In base 14, what is 1b8 + -2?
1b6
In base 8, what is 323 + -44?
257
In base 5, what is 3 - -12212?
12220
In base 5, what is -1 - -3420?
3414
In base 8, what is 454 - 0?
454
In base 5, what is -42 + -1?
-43
In base 16, what is -42 - -5?
-3d
In base 5, what is -3 - 124?
-132
In base 9, what is 75 + 16?
102
In base 8, what is -20667 + 0?
-20667
In base 6, what is -30010 - 0?
-30010
In base 3, what is -12000010 - 0?
-12000010
In base 14, what is -2a42 + 1?
-2a41
In base 10, what is -2913 + 0?
-2913
In base 3, what is -1 + 12211?
12210
In base 7, what is -5 + 214?
206
In base 11, what is -2178 + -2?
-217a
In base 2, what is -1001011 - 10?
-1001101
In base 12, what is -57 + 30?
-27
In base 4, what is -12 - -2020?
2002
In base 13, what is -b + -10?
-1b
In base 9, what is -13 + -18?
-32
In base 5, what is -23 - 11?
-34
In base 7, what is 25 - -2?
30
In base 16, what is -1f - 6?
-25
In base 11, what is -3 + 190?
188
In base 15, what is -1b - 159?
-175
In base 13, what is 0 - -c?
c
In base 15, what is 7 + -4e3?
-4db
In base 15, what is 2 - 53e?
-53c
In base 2, what is -10011 - -100000?
1101
In base 10, what is 3 + -3?
0
In base 15, what is 4 - 169?
-165
In base 4, what is 1032131 + 0?
1032131
In base 5, what is -3 + -1212?
-1220
In base 7, what is -1106 + 4?
-1102
In base 12, what is 5 - -1704?
1709
In base 11, what is -1837 - -2?
-1835
In base 16, what is -6 + 215?
20f
In base 14, what is 2 - 44?
-42
In base 10, what is 169 + 32?
201
In base 10, what is -17 - 1?
-18
In base 6, what is 4 - 234?
-230
In base 13, what is 0 + -380?
-380
In base 14, what is -4 - -94?
90
In base 2, what is -110011111 + 11?
-110011100
In base 16, what is -2e6 - -6?
-2e0
In base 8, what is -67 - 0?
-67
In base 8, what is 5042 + 3?
5045
In base 7, what is -106 - 10?
-116
In base 8, what is -140 + -3?
-143
In base 7, what is 31231 - 2?
31226
In base 5, what is 32023 - -1?
32024
In base 14, what is -4 - -178a?
1786
In base 6, what is 13 - 133?
-120
In base 14, what is -1 - 21?
-22
In base 14, what is 14 - -39?
4d
In base 9, what is 0 - 7?
-7
In base 3, what is 12 - -121000?
121012
In base 11, what is 530 + -22?
509
In base 5, what is 300 + -3?
242
In base 7, what is -4 + 1663?
1656
In base 5, what is 30 - -31314?
31344
In base 9, what is 315 + 51?
366
In base 16, what is 4 + 9c?
a0
In base 4, what is 120 + -200?
-20
In base 5, what is -10 - 11141?
-11201
In base 4, what is 3323 + 0?
3323
In base 7, what is 23 - 15?
5
In base 7, what is -33 - 20?
-53
In base 15, what is 1e2 - -3?
1e5
In base 15, what is -36a + 1?
-369
In base 11, what is 5 - 3a22?
-3a18
In base 9, what is -3703 - 5?
-3708
In base 3, what is 1122 + 112?
2011
In base 4, what is -230 - -2?
-222
In base 10, what is 23 + 8?
31
In base 16, what is 5 + b1?
b6
In base 5, what is -2340 - 0?
-2340
In base 9, what is 32 - -70?
112
In base 13, what is -578a - 5?
-5792
In base 6, what is 5 - -124?
133
In base 13, what is -9 + -2?
-b
In base 12, what is 5 + -1?
4
In base 2, what is -10001000010 + 101?
-10000111101
In base 14, what is 0 - -8?
8
In base 10, what is 877 - -20?
897
In base 6, what is -23 - -351?
324
In base 11, what is 3 + -a18?
-a15
In base 3, what is -22 - -1211210?
1211111
In base 5, what is -411 + 0?
-411
In base 2, what is -10111 + 1110000?
1011001
In base 8, what is -1 - 2333?
-2334
In base 8, what is -2336 + 20?
-2316
In base 5, what is 114144 + 1?
114200
In base 2, what is -1100111010 + 11?
-1100110111
In base 8, what is -1714 - -3?
-1711
In base 15, what is -7 - -8?
1
In base 11, what is 1475 + 3?
1478
In base 15, what is -8 - b?
-14
In base 16, what is -1468 - -4?
-1464
In base 12, what is 7a - -4?
82
In base 5, what is 4024 - 1?
4023
In base 15, what is -14 - -b?
-8
In base 13, what is 434 + 18?
44c
In base 4, what is 2332 + -102?
2230
In base 16, what is aa - -4?
ae
In base 15, what is -13 - 1?
-14
In base 16, what is -169 - -13?
-156
In base 7, what is 4 + 1564?
1601
In base 9, what is 106 + -21?
75
In base 8, what is 2730 - 2?
2726
In base 10, what is -3 + -52?
-55
In base 16, what is 18 - -7?
1f
In base 2, what is 11010001 + 1011?
11011100
In base 16, what is 191 - 16?
17b
In base 10, what is 241 + -31?
210
In base 8, what is 0 - 770?
-770
In base 7, what is -560 - -2?
-555
In base 6, what is 12454 + -4?
12450
In base 5, what is 3 - 42134?
-42131
In base 9, what is 164 + -2?
162
In base 2, what is 100100 + 10?
100110
In base 12, what is 2 - 85?
-83
In base 13, what is 9 - -8?
14
In base 4, what is -12 + -23?
-101
In base 15, what is -14 - 3e?
-53
In base 5, what is -13231 - 10?
-13241
In base 9, what is 1 - -62?
63
In base 16, what is 651 - -7?
658
In base 12, what is 2 + 20?
22
In base 16, what is 49 - 6?
43
In base 3, what is -2 - -11110120?
11110111
In base 12, what is 4 - -1096?
109a
In base 15, what is -32 - -11?
-21
In base 5, what is -21 + -13?
-34
In base 5, what is -32 + 123?
41
In base 2, what is 111000 - -110110?
1101110
In base 13, what is -693 + -1?
-694
In base 13, what is 6 + 54?
5a
In base 8, what is 650 + -1?
647
In base 4, what is -12 + 230?
212
In base 6, what is 403 - -10?
413
In base 8, what is 42 - 0?
42
In base 13, what is 1675 - 0?
1675
In base 10, what is 3 + 18?
21
In base 11, what is -6a0 + 2?
-699
In base 16, what is -7b1 - 1?
-7b2
In base 15, what is 7 - -5?
c
In base 4, what is -10 + -3231?
-3301
In base 9, what is -4 - 130?
-134
In base 9, what is 2 + 40?
42
In base 11, what is 80 - 2?
79
In base 14, what is 2 - d9?
-d7
In base 5, what is 1023 - -134?
1212
In base 8, what is 1 - 43?
-42
In base 10, what is 78 + -173?
-95
In base 15, what is 1 - 17dc?
-17db
In base 7, what is -3 - -245?
242
In base 14, what is 4 - 102?
-dc
In base 12, what is -173 + -9?
-180
In base 16, what is 16 - 13?
3
In base 13, what is 4 - -19?
20
In base 5, what is 3402 - 2?
3400
In base 8, what is 115 - 2?
113
In base 5, what is -11 - -1410?
1344
In base 13, what is 1100 + 2?
1102
In base 13, what is 2 + -38?
-36
In base 14, what is -4 + -6?
-a
In base 10, what is 1 + 361?
362
In base 13, what is -1a3 + -2?
-1a5
In base 10, what is 416 + 0?
416
In base 16, what is 92 - -b?
9d
In base 9, what is 213 + 17?
231
In base 8, what is -34 - 10?
-44
In base 11, what is -444 - -a?
-435
In base 12, what is -5 - -173?
16a
In base 5, what is 210 + 0?
210
In base 15, what is -8b - -6?
-85
In base 10, what is -3 - 43?
-46
In base 16, what is 0 + 29?
29
In base 9, what is -1676 + -4?
-1681
In base 15, what is -e1 - a?
-eb
In base 3, what is 110 + -1200?
-1020
In base 15, what is a2 + -4?
9d
In base 6, what is 3 - 434?
-431
In base 14, what is 1609 + -5?
1604
In base 16, what is 4 - 45?
-41
In base 8, what is -1 + -246?
-247
In base 6, what is 202 + 0?
202
In base 2, what is 0 - -11010?
11010
In base 9, what is 436 + -3?
433
In base 3, what is 110100 + -11?
110012
In base 6, what is -2 + 3?
1
In base 8, what is -51 + 4?
-45
In base 4, what is 1 + -222?
-221
In base 13, what is -3 + -115?
-118
In base 9, what is 4 - -60?
64
In base 9, what is 0 - 64?
-64
In base 2, what is -100 + -11100?
-100000
In base 4, what is -10 - -230?
220
In base 15, what is -11 - 60?
-71
In base 6, what is -24 + -20?
-44
In base 15, what is -8495 + -2?
-8497
In base 2, what is 1001010 + 101?
1001111
In base 2, what is -111000110 - -100?
-111000010
In base 13, what is -268 - 2?
-26a
In base 3, what is -101200 + -2?
-101202
In base 13, what is -9b53 + 5?
-9b4b
In base 5, what is -24040 - 3?
-24043
In base 4, what is 2 + 30?
32
In base 5, what is 10 - 20104?
-20044
In base 7, what is -140200 - 4?
-140204
In base 4, what is -313 + -11?
-330
In base 14, what is -3 + 68b?
688
In base 14, what is -c + 60?
52
In base 15, what is 48 - -3?
4b
In base 3, what is -10 + -2122000?
-2122010
In base 2, what is -110010110 - -110?
-110010000
In base 6, what is 43 - 5?
34
In base 7, what is 5 + -100?
-62
In base 6, what is 5 - 5?
0
In base 6, what is -4 - -40?
32
In base 15, what is 10 + 5d?
6d
In base 10, what is -2105 - 0?
-2105
In base 14, what is -3 + -578?
-57b
In base 15, what is 2 + 7?
9
In base 3, what is -220 - 20111?
-21101
In base 2, what is -1111 + -1010010110?
-1010100101
In base 7, what is -5 - -162?
154
In base 14, what is -2 - 8?
-a
In base 14, what is 453 + 3?
456
In base 3, what is 22 - 10212?
-10120
In base 2, what is 10